{"id":50,"date":"2024-09-03T18:28:26","date_gmt":"2024-09-03T16:28:26","guid":{"rendered":"https:\/\/discite.io\/?page_id=50"},"modified":"2024-09-10T20:06:53","modified_gmt":"2024-09-10T18:06:53","slug":"servicios","status":"publish","type":"page","link":"https:\/\/discite.io\/?page_id=50","title":{"rendered":"Servicios"},"content":{"rendered":"\n<div class=\"wp-block-cover alignfull is-light has-parallax\"><span aria-hidden=\"true\" class=\"wp-block-cover__background has-background-dim\" style=\"background-color:#7f8084\"><\/span><div class=\"wp-block-cover__image-background wp-image-476 has-parallax\" style=\"background-position:50% 50%;background-image:url(http:\/\/discite.io\/wp-content\/uploads\/2024\/09\/cps1.jpg)\"><\/div><div class=\"wp-block-cover__inner-container is-layout-flow wp-block-cover-is-layout-flow\">\n<p class=\"has-text-align-center has-white-color has-text-color\" style=\"font-size:clamp(37.821px, 2.364rem + ((1vw - 3.2px) * 2.848), 70px);font-style:normal;font-weight:900\"><strong>\u00c1reas de actividad<\/strong><\/p>\n<\/div><\/div>\n\n\n\n<h2 class=\"wp-block-heading\"><strong>Creaci\u00f3n de contenidos digitales<\/strong><\/h2>\n\n\n\n<p>En el \u00e1rea t\u00e9cnica se dise\u00f1an y desarrollan herramientas para la creaci\u00f3n, producci\u00f3n, distribuci\u00f3n y consumo de contenidos digitales.<\/p>\n\n\n\n<p>Sus funciones principales son:<\/p>\n\n\n\n<ul class=\"wp-block-list\">\n<li>Dise\u00f1ar y crear nuevos componentes y productos para su uso por el \u00e1rea de producci\u00f3n.<\/li>\n\n\n\n<li>I+D:\u00a0 Nuestra pasi\u00f3n es la tecnolog\u00eda aplicada al mundo real, por eso estamos en un proceso constante de Investigaci\u00f3n y Desarrollo de nuevas soluciones.<\/li>\n<\/ul>\n\n\n\n<h2 class=\"wp-block-heading\"><strong>Producci\u00f3n de contenidos digitales<\/strong> (virtualizaci\u00f3n)<\/h2>\n\n\n\n<p>En el \u00e1rea de producci\u00f3n se utiliza todo lo que crea el \u00e1rea t\u00e9cnica, con el objetivo de generar contenidos digitales listos para su publicaci\u00f3n en plataformas de aprendizaje, como paquetes Scorm, o en webs de terceros.<\/p>\n\n\n\n<p>Virtualizamos contenidos usando nuestras herramientas.<\/p>\n\n\n\n<p>Sus funciones principales son:<\/p>\n\n\n\n<ul class=\"wp-block-list\">\n<li>Revisi\u00f3n y curado de contenidos. Los contenidos son facilitados por los clientes. Se revisa y se adapta su estructura a nuestros contenedores.<\/li>\n\n\n\n<li>Preparaci\u00f3n de materiales adicionales. B\u00fasqueda y procesado de im\u00e1genes, v\u00eddeos, audios, etc&#8230;<\/li>\n\n\n\n<li>Elaboraci\u00f3n del dise\u00f1o instruccional a seguir. Se plantea una l\u00f3gica en el camino de aprendizaje que se implementa con el material reunido.<\/li>\n\n\n\n<li>Creaci\u00f3n o integraci\u00f3n de elementos digitales (propios o de terceros) a medida del dise\u00f1o instruccional.<\/li>\n\n\n\n<li>Creaci\u00f3n del contenido digital completo y prueba en distintos dispositivos.<\/li>\n\n\n\n<li>Subida y prueba de los contenidos creadas a plataformas de clientes.<\/li>\n<\/ul>\n\n\n\n<h2 class=\"wp-block-heading\"><strong>Consultor\u00eda en transformaci\u00f3n digital&nbsp;<\/strong><\/h2>\n\n\n\n<p>Acompa\u00f1amos y asesoramos a nuestros clientes en todos los aspectos relacionados con los procesos de creaci\u00f3n, producci\u00f3n, distribuci\u00f3n y consumo de contenidos para la formaci\u00f3n, teniendo en cuenta a todos los interesados en el proceso de ense\u00f1anza-aprendizaje.<\/p>\n","protected":false},"excerpt":{"rendered":"<p>Creaci\u00f3n de contenidos digitales En el \u00e1rea t\u00e9cnica se dise\u00f1an y desarrollan herramientas para la creaci\u00f3n, producci\u00f3n, distribuci\u00f3n y consumo de contenidos digitales. Sus funciones principales son: Producci\u00f3n de contenidos digitales (virtualizaci\u00f3n) En el \u00e1rea de producci\u00f3n se utiliza todo lo que crea el \u00e1rea t\u00e9cnica, con el objetivo de generar contenidos digitales listos para &hellip; <\/p>\n<p class=\"link-more\"><a href=\"https:\/\/discite.io\/?page_id=50\" class=\"more-link\">Leer m\u00e1s<span class=\"screen-reader-text\"> \u00abServicios\u00bb<\/span><\/a><\/p>\n","protected":false},"author":1,"featured_media":0,"parent":0,"menu_order":0,"comment_status":"closed","ping_status":"closed","template":"","meta":{"footnotes":""},"class_list":["post-50","page","type-page","status-publish","hentry"],"jetpack_sharing_enabled":true,"featured_media_urls":[],"_links":{"self":[{"href":"https:\/\/discite.io\/index.php?rest_route=\/wp\/v2\/pages\/50","targetHints":{"allow":["GET"]}}],"collection":[{"href":"https:\/\/discite.io\/index.php?rest_route=\/wp\/v2\/pages"}],"about":[{"href":"https:\/\/discite.io\/index.php?rest_route=\/wp\/v2\/types\/page"}],"author":[{"embeddable":true,"href":"https:\/\/discite.io\/index.php?rest_route=\/wp\/v2\/users\/1"}],"replies":[{"embeddable":true,"href":"https:\/\/discite.io\/index.php?rest_route=%2Fwp%2Fv2%2Fcomments&post=50"}],"version-history":[{"count":23,"href":"https:\/\/discite.io\/index.php?rest_route=\/wp\/v2\/pages\/50\/revisions"}],"predecessor-version":[{"id":575,"href":"https:\/\/discite.io\/index.php?rest_route=\/wp\/v2\/pages\/50\/revisions\/575"}],"wp:attachment":[{"href":"https:\/\/discite.io\/index.php?rest_route=%2Fwp%2Fv2%2Fmedia&parent=50"}],"curies":[{"name":"wp","href":"https:\/\/api.w.org\/{rel}","templated":true}]}}